0101 - 10000110000010?
-10000110010111
In base 13, what is 8 - 16a6?
-169b
In base 8, what is -2302673 + 2?
-2302671
In base 12, what is 720a + 5?
7213
In base 7, what is 0 - 632406?
-632406
In base 7, what is 66 - 4552?
-4453
In base 9, what is -4 - -1102331?
1102326
In base 8, what is -4 - -131221?
131215
In base 16, what is -1546 + -14?
-155a
In base 4, what is 32330 - -102?
33032
In base 6, what is 3 - -2530422?
2530425
In base 14, what is 2a9 - -3b1?
67a
In base 12, what is -87 + b862?
b797
In base 15, what is 18c + -2?
18a
In base 15, what is -2214 + -2?
-2216
In base 11, what is -1888 + -55?
-1932
In base 2, what is 1 + -1000100100001010?
-1000100100001001
In base 10, what is 34 + 870?
904
In base 2, what is -1010101000010111110 + -100?
-1010101000011000010
In base 10, what is 57115 + 1?
57116
In base 4, what is 121 + 221023?
221210
In base 2, what is -1110111101100011 - -10001?
-1110111101010010
In base 5, what is -2311003 - 10?
-2311013
In base 13, what is 2918 + b7?
2a02
In base 2, what is -1000101010010011 + -10?
-1000101010010101
In base 8, what is -74 - -701?
605
In base 12, what is 55b - -62?
601
In base 15, what is -a2 - 6d4c?
-6dee
In base 6, what is 32331 - 54?
32233
In base 9, what is -3124 - 68?
-3203
In base 6, what is 12234005 - 1?
12234004
In base 9, what is -15 + -4312?
-4327
In base 11, what is 2 - 9876?
-9874
In base 6, what is 13 - 41322?
-41305
In base 9, what is 7451 + -12?
7438
In base 2, what is -10000101100 - -10001010?
-1110100010
In base 4, what is -10333110 + 3?
-10333101
In base 5, what is -223312 + 10?
-223302
In base 8, what is -2240 + 6?
-2232
In base 12, what is -32b4 + 225?
-308b
In base 2, what is -10001101000101000101 - 11?
-10001101000101001000
In base 3, what is 20021 - 221010?
-200212
In base 4, what is -100302 - 33?
-101001
In base 13, what is -3583 + -35?
-35b8
In base 13, what is 12 + -aac9?
-aab7
In base 12, what is a21 + -16?
a07
In base 13, what is 53 + -b466?
-b413
In base 10, what is -11392 + -35?
-11427
In base 13, what is 2118bc + -4?
2118b8
In base 4, what is -21 + -12202?
-12223
In base 7, what is 3603 + -14?
3556
In base 5, what is -33 + -3321?
-3404
In base 9, what is -5 - -50185?
50180
In base 10, what is -844 - 50?
-894
In base 12, what is -193 - -351?
17a
In base 3, what is -1 + -120021221001?
-120021221002
In base 5, what is 3213 - 102?
3111
In base 15, what is 2629 + -1a?
260e
In base 12, what is 2225 + -9?
2218
In base 12, what is -3 - -148930?
148929
In base 13, what is -b3ba3 + -4?
-b3ba7
In base 7, what is -2250 - 110?
-2360
In base 9, what is -256332 + 8?
-256323
In base 10, what is -2 - -927900?
927898
In base 14, what is -6 + -127393?
-127399
In base 16, what is 4b - 1154?
-1109
In base 9, what is -3850 - 48?
-4008
In base 7, what is -543341 - -5?
-543333
In base 13, what is -1 - 27544?
-27545
In base 6, what is 1221431 - -1?
1221432
In base 5, what is 10 + 10122211?
10122221
In base 13, what is -1 - 357b?
-357c
In base 9, what is -136135 + -3?
-136138
In base 6, what is -545310 - 45?
-545355
In base 7, what is 344515 - -4?
344522
In base 9, what is 43 - 25288?
-25245
In base 15, what is -4 - -dc3c?
dc38
In base 7, what is -114 + 25530?
25413
In base 5, what is -2 - 12414?
-12421
In base 15, what is 1e2c9 + -5?
1e2c4
In base 15, what is -345db - -2?
-345d9
In base 9, what is 10 - 3421?
-3411
In base 15, what is -db5 - -10?
-da5
In base 16, what is -6 - -1642?
163c
In base 6, what is 25141 + -30?
25111
In base 15, what is -2 - -30cd?
30cb
In base 8, what is 4 - -152715?
152721
In base 11, what is 4609 + 9?
4617
In base 4, what is -11 - 212011?
-212022
In base 14, what is -3 - -97120?
9711b
In base 4, what is 3033 - -1131?
10230
In base 16, what is -9 - a5fc2?
-a5fcb
In base 4, what is 233310011 + -11?
233310000
In base 4, what is -310 + -10230101?
-10231011
In base 16, what is 1208 + 5?
120d
In base 10, what is 43003 - 14?
42989
In base 16, what is -7cc6 + -7?
-7ccd
In base 8, what is -4 + 241265?
241261
In base 6, what is -2 - -3413245?
3413243
In base 16, what is 272 + -f?
263
In base 10, what is -382 - 9?
-391
In base 14, what is -c17 + 3?
-c14
In base 10, what is -32 + -618?
-650
In base 15, what is -129b4 - -1a?
-12999
In base 9, what is -7 + 8237?
8230
In base 16, what is -1b22 + -5?
-1b27
In base 2, what is -101011100001100 + -1111?
-101011100011011
In base 12, what is -a73 - 7?
-a7a
In base 2, what is -1101 - -1101100110000?
1101100100011
In base 13, what is 5 - 167a78?
-167a73
In base 10, what is 4 + -45313?
-45309
In base 7, what is -455016 - 0?
-455016
In base 10, what is 3705847 - -1?
3705848
In base 8, what is 37 + 40740?
40777
In base 14, what is -2698d8 - 4?
-2698dc
In base 16, what is 11a + -76?
a4
In base 4, what is 12311 + -222?
12023
In base 5, what is 42 - 410?
-313
In base 11, what is 46870 + 1?
46871
In base 9, what is 167621 - -14?
167635
In base 4, what is 11 + 1020203320?
1020203331
In base 7, what is -3635111 - 4?
-3635115
In base 16, what is -482b - 5?
-4830
In base 5, what is 2 - 42221144?
-42221142
In base 13, what is -6 + 26c0c?
26c06
In base 6, what is 4 + -422233?
-422225
In base 2, what is 101 - -10000100111011?
10000101000000
In base 3, what is -1 - 20111111?
-20111112
In base 16, what is -5 - -19bb6?
19bb1
In base 12, what is 2 - 300206?
-300204
In base 3, what is 1210011121 + 11?
1210011202
In base 11, what is 80 - 1554?
-1484
In base 2, what is -11 + 1101010010100110011?
1101010010100110000
In base 12, what is -3 - 7a85?
-7a88
In base 13, what is 6 + -4555?
-454c
In base 9, what is 31 + -2724?
-2683
In base 12, what is -5 + -2500?
-2505
In base 5, what is -4 + -2334?
-2343
In base 16, what is 11caf + 32?
11ce1
In base 16, what is -3 + -11580e?
-115811
In base 15, what is -10 + -5e3?
-603
In base 6, what is -10122023 + 1?
-10122022
In base 3, what is 1121212102 - -120?
1121212222
In base 3, what is -1 - 210102120221?
-210102120222
In base 5, what is -442342 - 23?
-442420
In base 16, what is -816 - -c5?
-751
In base 8, what is 2 - 177663?
-177661
In base 13, what is 2 + -20017?
-20015
In base 10, what is 1716 + -3?
1713
In base 9, what is 1067 + 510?
1577
In base 7, what is 11315 - -45?
11363
In base 4, what is 10110123 - 0?
10110123
In base 13, what is 528 - 13?
515
In base 8, what is -10444 + -2?
-10446
In base 16, what is -6af - 30?
-6df
In base 10, what is -2 + -357822?
-357824
In base 13, what is 15 - -7151?
7166
In base 12, what is 5 - 15b07?
-15b02
In base 11, what is -4a + 759?
70a
In base 5, what is -211 + -4334?
-10100
In base 14, what is 23 + -16c?
-149
In base 7, what is -63620 + 3?
-63614
In base 15, what is -e - -1974?
1965
In base 8, what is -23 + -406157?
-406202
In base 10, what is -82011 - -3?
-82008
In base 8, what is 70236 + -3?
70233
In base 10, what is -5 - -38948?
38943
In base 14, what is 14d - 3b6?
-267
In base 8, what is -107260 + -4?
-107264
In base 14, what is 45d8 - -13?
460b
In base 2, what is -1011100101 + 1011?
-1011011010
In base 13, what is -6931c - 3?
-69322
In base 10, what is 292742 + -1?
292741
In base 15, what is -1217 - 1?
-1218
In base 6, what is -3 + 11134223?
11134220
In base 13, what is 11 + -17a91?
-17a80
In base 6, what is -140 + -10030?
-10210
In base 10, what is -1 - -11304?
11303
In base 12, what is 311 - 51?
280
In base 9, what is 73 - -234?
317
In base 6, what is -4320 + 114?
-4202
In base 11, what is -68aa39 + 5?
-68aa34
In base 7, what is 56505 + -10?
56465
In base 11, what is -63477 - 35?
-63501
In base 16, what is 2 + 2752?
2754
In base 12, what is -45689a + 0?
-45689a
In base 7, what is 6111 - 1?
6110
In base 12, what is 1a + 24555?
24573
In base 12, what is 118 - bb?
19
In base 6, what is 32 + 3054510?
3054542
In base 12, what is -7a77 + -9?
-7a84
In base 5, what is 43112013 - -1?
43112014
In base 14, what is 8 + 562c?
5636
In base 3, what is -2 - 21000012?
-21000021
In base 9, what is -730 + 130?
-600
In base 9, what is 2108162 + -1?
2108161
In base 5, what is -3443 - -343?
-3100
In base 12, what is -521 - 99?
-5ba
In base 11, what is -1a59 - -24a?
-180a
In base 15, what is 157 - 239?
-d2
In base 2, what is 0 + -10000010000001000?
-10000010000001000
In base 9, what is 4 - -122185?
122200
In base 2, what is 100110111001110100 - 1011?
100110111001101001
In base 16, what is 184 - 1